a(w). What is p(3)?
-3
Let n(x) = 2*x. Let o(m) = 3*m. Let d(w) = 8*n(w) - 5*o(w). Calculate d(3).
3
Let h(v) be the third derivative of 5*v**4/24 - 5*v**2. Suppose 4*k - 3 = 1. Determine h(k).
5
Let r(g) be the third derivative of g**5/60 - 6*g**2. Determine r(-2).
4
Let q(l) be the second derivative of l + 1/20*l**5 - 1/2*l**2 + 0*l**3 + 0 + 0*l**4. Give q(2).
7
Let g(o) = -5*o**3 - o**2 - o - 1. Let f(t) = -t**3 - 7*t**2 - 2*t. Let u be f(-7). Let n be (-10)/45 + u/(-18). What is g(n)?
4
Let i(d) = -d**2 + 5*d. Suppose 4*h = 2*h. Suppose 8 + 17 = -5*t. Let j = h - t. What is i(j)?
0
Suppose o - 8 = -o. Let a(c) = 8*c - 6*c - o - c. Determine a(4).
0
Let k(d) = -d**2. Let a(j) = -2*j**2 + 4*j - 1. Let h(m) = a(m) - 3*k(m). Let s be h(-4). Let v(r) = 4*r - 1. What is v(s)?
-5
Let y = -1 + 1. Suppose l + 4*l - 15 = y. Let c(p) = 2*p - p**2 + p**2 - p**2 - 1. Give c(l).
-4
Let n(l) = 2*l**2 - 2*l**2 + 9 - 7*l**2 - l**3. What is n(-7)?
9
Let r be 5/2*(-12)/(-10). Let v(h) = -7 + 6*h**2 + 0*h + h + 0*h**r - h**3. Give v(6).
-1
Let q(y) = 3*y - 7. Suppose -5*a - w + 0*w = -28, 2*w = -4. Give q(a).
11
Let r(c) = -c**3 - 6*c**2 - 7*c - 2. Let t(a) = -a + 2*a + 2*a - a + 9. Let x be t(-7). Calculate r(x).
8
Let m(j) = 7 - j**2 + j - 1 - 8. Give m(0).
-2
Let m = -10 + 12. Suppose 0*q = m*q. Let j(c) = -c + 2. Determine j(q).
2
Let i(p) = p - 1. Suppose 25 = -u + 5*k, 0 = -0*u + 4*u - k + 24. Calculate i(u).
-6
Let l(n) = -5*n + 1. Let d = -63 + 64. What is l(d)?
-4
Let g(k) = -6*k**2 + 15*k - 8. Let h(l) = 5*l**2 - 14*l + 9. Let u(y) = 4*g(y) + 5*h(y). Give u(9).
4
Let l(k) = -k**2 + 6*k - 6. Let d be -4 - -6 - 0/1. Suppose -d*p - 2*c = 0, -10 = p - c + 4*c. What is l(p)?
-1
Let y = -2 + 1. Let r be 2/y + 3 + -5. Let j(l) = l**2 + 5 - 4 + l**2 - 7*l + l**3 - 6. Give j(r).
-9
Suppose -2*h = 13 - 3. Let c = -16 - -22. Let k be c*4/30*h. Let n(t) = 2*t + 2. Give n(k).
-6
Let v(r) be the third derivative of 2*r**2 + 1/240*r**6 + 1/120*r**5 + 0*r + 1/24*r**4 + 0*r**3 + 0. Let q(w) be the second derivative of v(w). Determine q(-3).
-8
Let r(a) = -2*a + 1. Let u be r(3). Let c be 0 - (-4)/(3 - 1). Let s(x) = 0 - x**c - 3 + 2*x**2 + 4*x. Calculate s(u).
2
Let j(g) = -g**2 - 1. Suppose 15 - 3 = 6*w. Calculate j(w).
-5
Let z(j) be the third derivative of -j**3 + 1/120*j**6 - 3*j**2 - 1/8*j**4 + 0*j + 1/12*j**5 + 0. Calculate z(-5).
9
Let d(i) = -i + 14. Suppose 3*t + 4*f + 26 = 5*t, -39 = -5*t - 3*f. Give d(t).
5
Let r(o) be the first derivative of -o**4/4 - 4*o**3/3 - 2*o**2 - 2*o + 1. Suppose 3 - 18 = -5*x. Suppose 0*a = a + x. Determine r(a).
1
Let o(l) be the first derivative of -1 - l**2 + l + 5 - 3. Suppose -23*s - 21 = -16*s. Calculate o(s).
7
Let t = 15 - 10. Let k = t + 0. Let n(r) = 2*r**2 - k + 5*r - 2 - 3*r**2. Determine n(5).
-7
Let p(l) = -l**3 - 6*l**2 + 8*l + 5. Let t(y) = y**3 - 6*y**2 + 5*y - 7. Suppose 0 = -4*f + 3*i + 32, 3*f + 2*f + i = 21. Let j be t(f). What is p(j)?
-2
Suppose 6*r + 5 = 41. Let s(j) = -11. Let l(q) = q + 11. Let v(i) = -4*l(i) - 5*s(i). Let t(g) = -13*g + 34. Let k(w) = -2*t(w) + 7*v(w). What is k(r)?
-3
Let u(g) = g**3 - 3*g**2 + 3*g - 1. Let j(z) = z**2 - 3*z - 2. Let a = 5 - 2. Let q be j(a). Let h be (-8)/q + 4/(-2). Calculate u(h).
1
Let l(u) = -u - 1. Suppose 3*p = 5*g + p - 24, 5*p - 21 = -g. Let v be (-3 + g/(-3))*-1. Determine l(v).
-6
Let o(i) = 2*i + 2. Let y = 5 + -12. Calculate o(y).
-12
Let v be 4*(-1 - (-7)/4). Suppose -27 = -5*b + 4*q, 0 = v*b - 0*q + 2*q - 3. Let h(s) be the first derivative of s**2/2 - 2*s + 5. Give h(b).
1
Let a(k) be the third derivative of -k**4/24 + 5*k**3/6 + 10*k**2. Give a(4).
1
Let i be (-1 - (0 + 14))*20/60. Let y(j) = -j**3 - 6*j**2 - 5*j + 5. Calculate y(i).
5
Let x(i) = 2*i - 26. Let b be x(14). Let f(d) = 3*d**2 - 3*d + 3. Give f(b).
9
Suppose 2*o = -3 + 7. Let u(d) = 52 - 52 - d**3 - 5*d - 5*d**o. Calculate u(-4).
4
Let n = 65 - 72. Let j(v) = v + 4. What is j(n)?
-3
Let u(x) = 9*x**2 + 4*x - 7. Let r(t) = -9*t**2 - 3*t + 6. Let j(q) = 6*r(q) + 5*u(q). Give j(-1).
-10
Let y = 7 - 11. Let p(q) = -1 - 2 - q**3 - 805*q**2 + 2*q + 802*q**2. What is p(y)?
5
Let w(b) = -6*b - 4. Let m be w(-8). Suppose m - 134 = -5*n. Let v be (-102)/27 + (-4)/n. Let i(g) = -g**2 - g + 5. What is i(v)?
-7
Let g(u) be the third derivative of 0*u - 1/6*u**3 - 1/60*u**5 + 0 + 3*u**2 + 1/24*u**4. Suppose 2*t - 5*t - y - 5 = 0, -2*t - y - 3 = 0. Determine g(t).
-7
Let g(l) = -6*l + 5. Let n(j) = 1 + 0 + 13*j - 10. Let s(f) = -7*g(f) - 4*n(f). Determine s(-1).
11
Let y(b) be the second derivative of -1/3*b**3 + 2*b + 0 + 4*b**2. Let s be y(6). Let q(l) = -l**2 - 5*l - 6. What is q(s)?
-2
Let d be 3/(-1) + 27/3. Suppose -d = -l - l. Let k(g) = g**3 - 3*g**2 + 5*g - 2. Give k(l).
13
Let k be 13 + -3 - -1*1. Suppose 0 = -5*g - 1 + k. Let o(h) = 0 + 3*h + g + 0. What is o(-2)?
-4
Suppose i + 2*i = 0. Suppose 3*c + 7 - 16 = i. Let l(y) be the first derivative of -y**4/4 + 4*y**3/3 - 2*y**2 + 3*y + 2. Determine l(c).
0
Suppose 0 = i - 4*i + 9. Let n(d) be the first derivative of -d**4/4 + 4*d**3/3 - 3*d**2/2 + 4*d - 1. Give n(i).
4
Let s(q) = 1 + 2*q + 5*q - 8*q. Calculate s(-3).
4
Suppose -3*a + 2 = -1. Suppose u = 1, -2*u = -2*f + a - 9. Let j(r) = r**2. Give j(f).
9
Let h(t) = -t + 14. Let b(a) = -a**3 - 3*a**2 + a + 3. Let u be b(-3). Give h(u).
14
Let p = 42 + -48. Let u(w) = -w**2 - 5*w + 7. Determine u(p).
1
Let y(m) be the first derivative of -m**6/180 + 7*m**5/120 - 5*m**4/24 - 5*m**3/3 + 3. Let x(k) be the third derivative of y(k). What is x(4)?
-9
Let r(b) = -b**3 + 2*b**2 + 2*b - 1. Suppose -3 = -3*u + 2*y + 3, 4*u + 5*y = 8. Calculate r(u).
3
Let y(o) = 6*o - 3*o + 2*o - o + 2. Determine y(-2).
-6
Let r(b) = 4*b - 1. Let w be (-4 - -1) + 3 + -5. Let h(u) = -u**3 - 4*u**2 + 5*u - 1. Let k be h(w). Give r(k).
-5
Let i(u) = -u**2 - 5*u - 6. Suppose 0 = -p - 3*p - 2*o + 18, -5*p + 5*o - 15 = 0. Let x = -8 + p. Give i(x).
-12
Let t(h) = 5*h - 2*h - h - 4*h. What is t(1)?
-2
Let b(d) be the third derivative of -d**6/30 - d**5/60 + d**3/6 - 6*d**2. Let y(s) = s**2 - 6*s + 1. Let j be y(6). Determine b(j).
-4
Let a(d) = -2 - 6*d**2 - d**3 + 4 + 4*d + 4. What is a(-6)?
-18
Let m(p) = 4*p - 3. Let o(q) = 5*q - 31. Let i be o(7). Calculate m(i).
13
Let r(f) = 4*f**3 + f**2 - 1. Let l = -4 + 7. Let j be 0 - (-1 - 0/l). Calculate r(j).
4
Let f(o) be the third derivative of 1/24*o**4 + 2*o**2 - 1/2*o**3 + 0 + 0*o. Let n be (10/40)/((-2)/(-24)). Determine f(n).
0
Let r(m) be the third derivative of m**5/60 + 2*m**2. What is r(1)?
1
Suppose -7 = 3*s + 8. Let j = s - -4. Let k(x) = 6*x**3 + x + 1. What is k(j)?
-6
Let w(t) = -7*t**2 + 13*t + 1. Let v(n) = -n**2 + n + 1. Let j(g) = -6*v(g) + w(g). Determine j(7).
-5
Let f(a) be the first derivative of -7/2*a**2 + 1/4*a**4 + 2 - 3*a + 4/3*a**3. Let x be ((-5)/3)/(2/6). Give f(x).
7
Let x(h) = -2*h**2 - 3*h + 5. Suppose -4*d - 16 = 2*l + 10, -l - 9 = d. Give x(l).
-30
Let f(z) = -3*z**2 - 11*z + 9. Let t(q) = -q**2 + 8*q - 3. Let o be t(7). Let b(l) = -l**2 - 6*l + 5. Let r(g) = o*f(g) - 7*b(g). Determine r(-2).
-15
Let y(x) = 156*x + 164*x + 5 - 319*x. What is y(4)?
9
Let g(p) = 7*p - 11. Let y be (-2)/(-4)*-2 + 6. Let k(m) = -3*m + 5. Let v(u) = y*k(u) + 2*g(u). What is v(-5)?
8
Let s(k) = -k**3 + 9*k**2 - 7*k - 5. Let n(o) = -o**2 - 4*o + 4. Let r be n(-2). Determine s(r).
3
Suppose 6*x = 5*q + 4*x + 15, -q + 3*x - 16 = 0. Let t(a) = a**2 + a. Let v(u) = 3*u**3 - 2*u + 1. Let w(n) = q*t(n) - v(n). Let i = 1 + 0. Give w(i).
-4
Let i(m) = -m - 7. Suppose 15*a = 8*a - 42. What is i(a)?
-1
Suppose -g - 2*g = 18. Let u(s) = s + 7. What is u(g)?
1
Suppose 3*g - 9 = 0, -2*b = 4*g - 0*g - 14. Let f(i) = -2 + b + i**2 - 2 - 4*i. Let s be 8/6*(-3)/2. Give f(s).
9
Let f = -6 - -2. Let a be -2 + (-6)/36 + 74/12. Let h = a + f. Let o(c) = c + 12. Give o(h).
12
Suppose 3*q - 6 = 4*o, -3*o - 3 = 5*q + 16. Let j = q - -1. Let f(g) = g**2 - 1. Determine f(j).
0
Let l(p) = -p**2 - 4*p. Let v be l(-5). Let n = -2 - v. Let q(m) be the first derivative of -m**3/3 + 3*m**2/2 + 2*m - 5. Determine q(n).
2
Let q(o) = -7*o**3 - o**2 + 7*o - 10. Let c(d) = 10*d**3 + 2*d**2 - 11*d + 15. Let g(z) = -5*c(z) - 7*q(z). Give g(-5).
15
Let l(b) be the first derivative of b**2/2 - 4*b - 1. 